ors of r.
2, 7
Suppose 18*x + 22508 = 86*x. Let y(s) = s**2 + s + 4. Let j be y(-5). List the prime factors of j/36 + x/3.
3, 37
Let r(j) = -3626*j + 2. Let g be r(-3). Suppose -4*z + g = 13*z. What are the prime factors of z?
2, 5
Suppose 49536*y + 106746 = 49542*y. List the prime factors of y.
17791
Let t = 29 + -27. Let a(g) = g. Let w be a(t). Suppose 0 = -w*q + 11*q - 909. What are the prime factors of q?
101
Let z = 73615 + -15113. List the prime factors of z.
2, 29251
Let l(k) = 13*k**2 + 17*k - 48. Let z be ((-3)/(-2))/((-117)/(-312)). List the prime factors of l(z).
2, 3, 19
Let f be (1 + 30/(-36))*654. Suppose 5*d = 4*x + 665, d + x - f = 15. List the prime factors of d.
3, 43
Suppose -132943 = -40*c + 136097. What are the prime factors of c?
2, 3, 19, 59
Let c(w) = 3*w**2 - 21*w - 42. Let f be 78/(-4)*(-272)/204. List the prime factors of c(f).
2, 3, 5
Suppose -3*v = -3*c - 53991, -378*c - 53997 = -3*v - 376*c. List the prime factors of v.
3, 17, 353
Let b be ((-12)/10)/((-4)/(-10)). List the prime factors of b/(21/(-2252)) - 92/(-322).
2, 7, 23
Let b = -177 + 25. Let c = b - -88. Let k = c + 182. What are the prime factors of k?
2, 59
Suppose 32*m - 25 = 27*m + 4*x, 10 = 2*m + 4*x. Suppose m*k = -4*i + 143, -10*i + 7*i = -6. What are the prime factors of k?
3
Suppose n + 3*r - 2 = 0, -3*n + 18 = 2*r - 2. Suppose -n*q = -802 + 10. What are the prime factors of q?
3, 11
Suppose 0 = -4*s + 5*u + 1, 17*s = 16*s - 3*u - 4. List the prime factors of (s*9)/(2445/(-305) + 8).
3, 61
Suppose -2*b + 510 = -2*s - 174, -4*b - 2*s = -1344. What are the prime factors of b?
2, 13
Suppose 12*g = -5*w + 13*g - 1305, 770 = -3*w - 2*g. Let u = 547 + w. List the prime factors of u.
7, 41
List the prime factors of -2728*(-35 + 40 + 1 + -7).
2, 11, 31
Let g(b) = 57980*b**3 + 7*b**2 + 10*b - 18. What are the prime factors of g(1)?
37, 1567
Let c(i) = -i**3 + 8*i + 6. Let y be c(3). Let q be (-12)/(-28) + 0 + y/(-7). Suppose q = -13*u + 8*u + 365. What are the prime factors of u?
73
Suppose -4*s - 22 = 4*i + 26, 3*i = 4*s + 48. List the prime factors of 22*(6/s)/((-2)/140).
2, 5, 7, 11
Suppose -29*r = 37*r - 434478. List the prime factors of r.
29, 227
Let w = 143 + 884. Let v = 1944 - w. What are the prime factors of v?
7, 131
Suppose -6449 = 43*o - 55727. What are the prime factors of o?
2, 3, 191
Let m = 447 - -4049. List the prime factors of m.
2, 281
Let r(t) = -t**2 + 1. Let g(q) = 25*q**2 + 4*q - 2. Let l(u) = -g(u) - 6*r(u). Let f be l(-3). Let b = f - -283. What are the prime factors of b?
2, 3, 5
Let c = 294 - 296. List the prime factors of 2 - c - -15*114/9.
2, 97
Suppose 3*t = 12, 0 = s - 0*t - 2*t - 3460. Let w = -1673 + s. What are the prime factors of w?
5, 359
Let m be (0 + (0 - 0))/(2*1). Suppose -2*g + m*g = -4*v - 36, -4*v + 42 = g. Let r = 62 + g. List the prime factors of r.
2, 11
Let q(t) = 8*t + 80. Let w be q(0). Let o = 83 - w. Suppose -z + 4 = o*p - 77, 4*z + 4*p = 292. List the prime factors of z.
3, 23
Let f(v) = -6*v - 53. Let p be f(-4). Let c = p - -146. What are the prime factors of c?
3, 13
Let n be (2 - -1)*(-11 - -10). Let u = -15 + 9. Let v = n - u. List the prime factors of v.
3
Suppose 2*b - 8677 = -d, -800*d + 797*d - 17369 = -4*b. What are the prime factors of b?
2, 5, 7, 31
Let m(c) = -3*c**2 - 4*c - 2. Let u be m(-2). Let s be u/(-9)*30/4. Suppose 5*r + 5*h = 330, 3*r - 176 = s*h + 62. List the prime factors of r.
71
Let u(v) = 49 - 4*v**3 + 2*v**3 + 3*v**2 + v - 50. Let o be u(-1). Suppose o*w = -5*i + 6*i + 431, -3*w = -5*i - 439. List the prime factors of w.
11, 13
Let l be (2/(-4))/((-2)/(-4)). Let x(d) = -35*d**2 - 25*d + 11. Let w(n) = 4*n - 2. Let i(k) = -6*w(k) - x(k). What are the prime factors of i(l)?
5, 7
Let a(t) = -t**3 - 5*t**2 - 7*t - 9. Let j be a(-4). Let f(n) = 50*n + 25. Let v(w) = -w - 1. Let z(i) = f(i) + 20*v(i). List the prime factors of z(j).
5, 19
Suppose 193692 = 11*g + 17483. List the prime factors of g.
83, 193
Suppose -10 = 5*d + 5*t - 70, t = 0. Suppose d*k - 11*k - 3 = 0. List the prime factors of k - 0 - (-4)/(8/226).
2, 29
Suppose -358 + 23 = -5*v. Let k = v - 62. List the prime factors of (-3 + k)*(-109)/(-2).
109
Suppose 3*n - 50112 = -6*n. What are the prime factors of n?
2, 3, 29
Let o(q) = q**3 + 14*q**2 - 4*q + 2. Let c be o(-14). Let n = 1516 - c. Suppose -n + 226 = -8*r. List the prime factors of r.
2, 7, 11
List the prime factors of (119/42*-2)/(1/(-1917)).
3, 17, 71
Let v = -216 - -28. Suppose -1102 = -4*t - 20*l + 22*l, 827 = 3*t - 2*l. Let p = t + v. List the prime factors of p.
3, 29
Suppose -5*f + 13 = -2*l, 4 = 5*l - 2*f + 5. Let m(v) = 98*v**2 - 4*v + 3. Let q be m(l). Suppose -2*w + 3*w = q. What are the prime factors of w?
97
Let z = 209 + 757. Suppose -x + r - 93 = -z, -3*r = -3. List the prime factors of x.
2, 19, 23
Suppose -6*h - 64214 = -19*h + 150845. What are the prime factors of h?
71, 233
Suppose 199*v = 213*v + 14798. Let m = 1579 + v. What are the prime factors of m?
2, 3, 29
Let o be (-2 - (-11480)/12) + 10/(-15). Let n = o - 315. Suppose 36*p - 39*p = -n. What are the prime factors of p?
3, 71
Suppose -5*n + 1367 + 1118 = 0. Let l = -220 + n. List the prime factors of l.
277
Let u(j) = j**2 + j - 18. Let d be u(-5). Suppose d*h = 507 + 201. What are the prime factors of h?
2, 3, 59
List the prime factors of ((-204)/(-8))/(198/205656) - 16/2.
2, 3, 1471
Let b(t) = 172*t - 14. Let n(s) = 7*s + 266. Let l be n(-37). List the prime factors of b(l).
2, 5, 7, 17
Let s = -6542 + 12375. Suppose -1122 = 7*d - s. What are the prime factors of d?
673
Suppose -59 + 62 = 4*z + h, 4*h = 12. Suppose 8*q + 132 - 2140 = z. What are the prime factors of q?
251
Suppose -71*r + 20 = -66*r. Suppose -r*g - 3*m = -2222, -5*m = -6*m - 2. List the prime factors of g.
557
Let n = -1100 + 1104. Let j(u) be the second derivative of 3*u**5/20 - u**4/6 - 7*u**3/6 + u. What are the prime factors of j(n)?
2, 3, 11
Suppose -15*y = -935 + 5. Suppose -186 = -5*q + 9. Let j = y - q. List the prime factors of j.
23
Suppose -7*d + d + 44000 = -d. What are the prime factors of d?
2, 5, 11
Let q(i) = 56*i**2 + 46*i**2 - 40 - 27*i**2 + 5*i + 5*i. What are the prime factors of q(3)?
5, 7, 19
What are the prime factors of (-12)/((-84)/18347) + 6?
37, 71
Let p(u) = -u**2 - u + 1362. Let y be 0/((4/14)/(9/63)). List the prime factors of p(y).
2, 3, 227
Suppose -122601 = -4*p - 4*p - 1145. What are the prime factors of p?
2, 7591
Let n(m) = 14*m + 105. Let d be n(-7). Suppose d*a - 15*a = -5816. List the prime factors of a.
727
Let a be (-3362)/(-14) - (-1)/(-7). Let t be -4 + 4/4 + 2 + a. Suppose -3*k - 7*b + t = -2*b, 4*b - 235 = -3*k. What are the prime factors of k?
73
Let h(f) = 24*f**2 + 40*f + 54. What are the prime factors of h(-18)?
2, 3, 5, 79
Let s = -24 + 26. Let r be 4/s*(-4 + 5). What are the prime factors of (19*(-1)/2)/(r/(-20))?
5, 19
Suppose 90 = 2*i - 5*i. List the prime factors of i/(-24) + -1 + 1630/8.
2, 3, 17
Suppose 167*o - 163*o - 2*n - 34208 = 0, -34236 = -4*o - 5*n. What are the prime factors of o?
2, 7, 13, 47
Let g = 18800 + -18205. What are the prime factors of g?
5, 7, 17
Let r(v) = -3*v**3 - v**2 - 3*v + 4328. Let m be r(0). List the prime factors of ((-13)/52)/((-2)/m).
541
Let o = -3342 - -69857. List the prime factors of o.
5, 53, 251
Let q(l) = -243*l + 3. Let x(r) be the first derivative of r**4/4 - 17*r**3/3 - 9*r**2 - r + 5. Let i be x(18). What are the prime factors of q(i)?
2, 3, 41
Let o be (12 + (-19656)/60)/(3/(-10)). Let m = o + -178. List the prime factors of m.
2, 19, 23
Suppose -12*l + 26 = l. Suppose l*y - 4 = 0, 3*x - 4*y - 2 + 10 = 0. What are the prime factors of (3 + x)*1 - (-115 + 1)?
3, 13
Suppose 187*m = 180*m - 11690. Let k = -638 - m. List the prime factors of k.
2, 3, 43
Let z be 1/((-4)/(-90)) - (-30)/(-60). Suppose z*y + 84 = 24*y. Suppose y = 54*s - 52*s. What are the prime factors of s?
3, 7
Let r = -69 - -118. Let c = 53 - r. Suppose -c*d + 5*d = 124. What are the prime factors of d?
2, 31
What are the prime factors of 2636 + 9/((-72)/88)?
3, 5, 7
Suppose 9*n = 2*n + 35. Suppose -n*v - h + 4452 = -2*h, 0 = -4*h + 12. List the prime factors of v.
3, 11
List the prime factors of (150/12 - 3)*(1493 - (4 + -5)).
3, 19, 83
Suppose -2